common divisor of 46 and y.
23
Suppose 4*p - 25 = -3*j + 167, -3*p + 2*j = -144. Let r be (-92)/12 + (-4)/(-6). Let m = r + 19. What is the highest common factor of p and m?
12
Let w = 57 + -32. Suppose -8 = 4*q, -w = -2*m - 2*q + 71. What is the highest common factor of 10 and m?
10
Suppose -t - t - 3*u = 107, -2*t - u - 117 = 0. Let c be 4/(-8) + t/(-2). What is the highest common factor of 6 and c?
6
Let d(r) = r**3 - r**2 + r - 4. Let u be d(0). Let y be 3/(9/(-24)*u). What is the highest common factor of 10 and y?
2
Suppose -5*x = 4*q - 108, -2*x + 2*q + 42 = 6. Calculate the highest common divisor of 5 and x.
5
Let f = -13 + 21. What is the highest common divisor of f and 24?
8
Suppose -4*j = -5*h + h + 136, -5*h + 200 = j. Calculate the greatest common divisor of 13 and h.
13
Let x be -8 + (4 - (4 - 3)). Let y(r) = r**3 + 7*r**2 + 6*r + 6. Let t be y(x). What is the highest common divisor of t and 208?
26
Let g = -26 - -32. Calculate the highest common factor of g and 9.
3
Suppose 0*s - 5*f + 125 = 5*s, -20 = -2*s + 4*f. Let j = 44 + s. Calculate the greatest common divisor of j and 8.
8
Suppose 5*u - 322 = -2*r, -u - u - 863 = -5*r. Calculate the greatest common divisor of r and 38.
19
Let x(v) = -4*v**3 - 2*v**2 - 2*v - 11. Let r be x(-4). Calculate the highest common divisor of 13 and r.
13
Let a(q) = q**2 + 16*q - 26. Let w be a(-18). What is the greatest common factor of w and 6?
2
Let w = -9 + 28. Calculate the greatest common factor of w and 152.
19
Suppose -6*u + 4*s + 64 = -u, -4*s = 4. Let m(k) = -4*k + 1. Let z be m(1). Let j be 2/(z/(-8*9)). What is the highest common factor of u and j?
12
Let i(k) = 10*k + 3. Let j be i(6). Let g(p) = 6*p**2 + 3*p + 3. Let l be g(-2). Let t = 30 - l. Calculate the highest common divisor of j and t.
9
Let y(v) = 10*v + 16. Let m be y(0). What is the highest common factor of 1 and m?
1
Let z(r) = 19*r + 7. Let y be z(-5). Let c = y - -176. What is the highest common divisor of 11 and c?
11
Let p(m) = m**3 - 7*m**2 - 9*m + 12. Let t be p(8). Let l be (-60)/(-5)*2/t. Calculate the greatest common factor of 2 and l.
2
Suppose 749 + 142 = 9*q. Calculate the highest common divisor of 9 and q.
9
Suppose -4*y = -2 - 18. Let v = y + 0. What is the highest common divisor of 2 and v?
1
Suppose -h - 12 = -4*h. Suppose 3*v - 4*z - 55 = 0, 2*z - 80 = -h*v + 4*z. Calculate the greatest common factor of v and 3.
3
Let x(g) = -3*g + 27. Let n be x(-16). What is the highest common divisor of n and 50?
25
Suppose 0 = 4*i + 2 - 26. Suppose -10 = 2*b - 7*b, n - b - i = 0. Calculate the greatest common divisor of n and 88.
8
Let d = 107 + 29. Suppose -4*i - 40 + d = 0. Calculate the highest common divisor of 48 and i.
24
Suppose -v = 3*v + 100. Let u = -13 - v. Suppose 0 = -5*w + 124 + 356. Calculate the greatest common divisor of u and w.
12
Suppose 39 = 5*n - 71. Let y be (-44)/(-18)*-3*-6. Calculate the greatest common divisor of y and n.
22
Suppose 0*i + 5*i - 15 = 0. Let o = 24 + 48. Suppose 0*y - o = -3*y. Calculate the greatest common divisor of i and y.
3
Let g be 30*(-3 - 20/(-6)). Suppose -92 = -4*f + 28. Calculate the greatest common factor of g and f.
10
Let z = 98 - -1. Suppose -7*c = -2*c - 55. Calculate the greatest common factor of z and c.
11
Let q(m) be the first derivative of m**4 - 2*m + 2. Let p(o) be the first derivative of q(o). Let a be p(-1). What is the greatest common factor of a and 4?
4
Let a(i) = 6*i + 3. Let p be a(3). What is the highest common divisor of p and 231?
21
Suppose -y - 4*u = -0*y - 20, u + 40 = y. Suppose -5*f + k + 43 = 0, -3*f - 2*k + 18 = -0*k. Suppose j = -j + f. What is the highest common divisor of y and j?
4
Suppose -2*l + 87 = 35. Let n(y) = y - 3. Let g be n(7). Let b = g - -9. What is the highest common factor of b and l?
13
Suppose 4*c = -0*c + 12. Let n(s) = 8*s**2 + 2*s + 2. Let m be n(c). What is the highest common divisor of m and 16?
16
Suppose 3 = -c - 21. Let j = 6 - 41. Let z = c - j. What is the greatest common divisor of 1 and z?
1
Let b = 14 + 5. Suppose 2*y - y = b. Suppose 4*a - 20 = 4*q, 2*a + a - y = -q. What is the greatest common factor of 4 and a?
2
Let d = -24 - -37. Let r = -11 + d. Let q = 8 + -3. What is the highest common factor of q and r?
1
Suppose 0 = u - 0 - 2. Let k = u + 0. Calculate the greatest common factor of k and 22.
2
Suppose 0*p = -p + 80. Let a(h) = -h + 10. Suppose -4*z + 8 = -c, -c = c + 3*z - 6. Let g be a(c). Calculate the highest common divisor of p and g.
10
Suppose 4*r - 4 = o + 15, 3*r - o - 13 = 0. Let i be -2 + (1 - 2) + 57. What is the greatest common factor of i and r?
6
Let b be (-1 - -1)*1/(-2). Suppose -3*q - s = -5*s + 315, -q + 3*s - 110 = b. Let u = q + 182. What is the highest common factor of 9 and u?
9
Suppose 0*s + 240 = 5*s. Let r(a) = -a**2 - 11*a - 12. Let b = -16 + 8. Let x be r(b). Calculate the greatest common factor of x and s.
12
Let m be (7/(-2))/(12/(-24)). Calculate the greatest common factor of m and 77.
7
Let d be (-2)/(-7) - 152/(-56). Suppose -3*c + 5*i + 14 = -66, -130 = -4*c - 5*i. Calculate the greatest common divisor of d and c.
3
Let m be -1 + (1 - 8/(-2)). Let g be 9/((-2)/(-8)*1). Calculate the greatest common factor of g and m.
4
Suppose -3*w = w + 4*s - 964, 225 = w + 5*s. Calculate the greatest common divisor of w and 35.
35
Suppose 4*r - 6 = 3*r. Suppose u + r - 13 = 0. Let d be (-2)/(-3) - (-435)/9. What is the greatest common factor of u and d?
7
Let i(y) = -y**3 - 4*y**2 - 8*y - 4. Let j be i(-3). Let r = -122 - -177. What is the greatest common factor of r and j?
11
Suppose 0 = -5*a + 3*d + 85, 5*a - 17 = 4*a + 3*d. Let s = 94 + -60. Calculate the highest common factor of a and s.
17
Suppose -r - 2 = -4. Suppose -r*p = 2*p - 384. Suppose k = -k + p. What is the greatest common factor of 16 and k?
16
Let c be ((-228)/(-8))/(3/8). Let h = c - 25. Calculate the highest common divisor of 34 and h.
17
Suppose -5*d = 5*y - 10, 3*d + 4*y - 6 = -y. Suppose -d*t + 6*t = 20. Suppose 30 = 5*c + 5*f, 27 - 2 = -t*f. Calculate the greatest common divisor of 88 and c.
11
Suppose 297 = 3*d - 5*i, -5*d + 2*i = -6*d + 99. Calculate the highest common divisor of 33 and d.
33
Let w be (-4432)/(-176) - 2/11. Calculate the greatest common divisor of 1 and w.
1
Let h(z) = z**3 + 6*z**2 + z + 4. Let y be h(-6). Let s = y - -2. Suppose s = -2*w + 3 + 11. What is the greatest common factor of 77 and w?
7
Let z be (0 + (-1)/1)*-5. Suppose -z*k = -2*k - 9. Calculate the greatest common divisor of k and 21.
3
Let d(j) = 2*j**2 + 5*j - 5. Let b be d(-5). What is the highest common factor of 30 and b?
10
Let i(p) = -p + 6. Let a be i(6). Suppose a = -5*x + 12 + 98. Calculate the highest common divisor of x and 33.
11
Let f be -2 - (-7)/((-21)/(-60)). What is the greatest common factor of f and 6?
6
Let b be 1/4 - (-1196)/16. Let s be 3/(-2) + b/2. What is the highest common factor of s and 24?
12
Let b be (-9)/6 - (-23)/2. Suppose -118 = -5*t + j, -b = j - 6*j. Calculate the highest common divisor of t and 36.
12
Let v(p) = -p**3 - 8*p**2 - p - 8. Let z be v(-8). Suppose 160 = -z*y + 4*y. Calculate the highest common divisor of y and 8.
8
Let t be 2 - -49 - (2 + -1). Calculate the greatest common factor of t and 20.
10
Let v be ((-2)/6)/(0 - 1/9). Let x(t) = 3*t**3 - 2*t**2 - t + 1. Let l be x(2). Calculate the greatest common divisor of l and v.
3
Let y(b) = 162*b**2 - 2. Let f be y(-2). Let x be f/6 - 2/(-6). Let v be -2 + -2 + 8 + 8. Calculate the highest common divisor of x and v.
12
Suppose -11 = -4*m + p, 3*p + 0 + 1 = 4*m. Suppose 4*b - 2*b - 2*d + 64 = 0, -b = m*d + 12. Let w = b - -40. What is the greatest common factor of 3 and w?
3
Let a be (-9)/(-15) + (-24)/(-10). Suppose 2*x = -a*x - 10. Let c be x/(-6) + (-29)/(-3). Calculate the highest common divisor of 90 and c.
10
Suppose 4*u + 18 - 76 = 2*g, 2*g = -4*u + 46. Calculate the highest common divisor of u and 351.
13
Let n(w) = w - 6. Let o be n(10). Let t(j) = 6*j**2 - 5*j - 4. Let p be t(o). What is the highest common divisor of p and 9?
9
Suppose 4*l = -8, -l = -5*g - 2*l + 58. Calculate the greatest common factor of 132 and g.
12
Suppose -2*u = -3*l - 10, -4*u + 4*l + 20 = 2*l. Suppose v - 76 = -3*v - m, 3*v - u*m - 80 = 0. Wha